{"id":146,"date":"2020-11-05T21:08:30","date_gmt":"2020-11-05T20:08:30","guid":{"rendered":"http:\/\/ventedirecte.fermedesarnaud.com\/?post_type=product&#038;p=146"},"modified":"2022-12-23T11:09:06","modified_gmt":"2022-12-23T10:09:06","slug":"croquets-olives-de-nyons","status":"publish","type":"product","link":"http:\/\/leshallesduvendredi.fermedesarnaud.com\/?product=croquets-olives-de-nyons","title":{"rendered":"Croquets olives de Nyons"},"content":{"rendered":"<p>Sachet de 90g<\/p>\n","protected":false},"excerpt":{"rendered":"<p>Ces petits biscuits bio croquants vous s\u00e9duiront \u00e0 l&rsquo;heure de l&rsquo;ap\u00e9ritif, ou dans une salade, avec leurs amandes enti\u00e8res et leurs saveurs ensoleill\u00e9es! D\u00e9couvrez ces recettes originales aux bons ingr\u00e9dients 100% d&rsquo;origine naturelle et pour la plupart locaux\u2026<\/p>\n","protected":false},"featured_media":1332,"template":"","meta":[],"product_cat":[25],"product_tag":[],"_links":{"self":[{"href":"http:\/\/leshallesduvendredi.fermedesarnaud.com\/index.php?rest_route=\/wp\/v2\/product\/146"}],"collection":[{"href":"http:\/\/leshallesduvendredi.fermedesarnaud.com\/index.php?rest_route=\/wp\/v2\/product"}],"about":[{"href":"http:\/\/leshallesduvendredi.fermedesarnaud.com\/index.php?rest_route=\/wp\/v2\/types\/product"}],"wp:featuredmedia":[{"embeddable":true,"href":"http:\/\/leshallesduvendredi.fermedesarnaud.com\/index.php?rest_route=\/wp\/v2\/media\/1332"}],"wp:attachment":[{"href":"http:\/\/leshallesduvendredi.fermedesarnaud.com\/index.php?rest_route=%2Fwp%2Fv2%2Fmedia&parent=146"}],"wp:term":[{"taxonomy":"product_cat","embeddable":true,"href":"http:\/\/leshallesduvendredi.fermedesarnaud.com\/index.php?rest_route=%2Fwp%2Fv2%2Fproduct_cat&post=146"},{"taxonomy":"product_tag","embeddable":true,"href":"http:\/\/leshallesduvendredi.fermedesarnaud.com\/index.php?rest_route=%2Fwp%2Fv2%2Fproduct_tag&post=146"}],"curies":[{"name":"wp","href":"https:\/\/api.w.org\/{rel}","templated":true}]}}