{"id":29,"date":"2020-04-20T00:32:29","date_gmt":"2020-04-19T22:32:29","guid":{"rendered":"http:\/\/ventedirecte.fermedesarnaud.com\/?product=import-placeholder-for-1037"},"modified":"2022-04-11T10:11:43","modified_gmt":"2022-04-11T08:11:43","slug":"les-souliers-dargile","status":"publish","type":"product","link":"http:\/\/leshallesduvendredi.fermedesarnaud.com\/?product=les-souliers-dargile","title":{"rendered":"Les souliers d&rsquo;argile"},"content":{"rendered":"<p>Appellation : C\u00f4tes du Rh\u00f4ne Village Vaison-la-Romaine<\/p>\n<p>Couleur : Rouge<\/p>\n<p>Mill\u00e9sime : 2019<\/p>\n<p>C\u00e9pages : 60% Syrah 40% Grenache<\/p>\n<p>Vinification : Mac\u00e9ration pr\u00e9-fermentaire \u00e0 froid<\/p>\n<p>\u00c9levage : En cuve environ 3 mois<\/p>\n<p>Conditionnement : 1x bouteille 75cl<\/p>\n","protected":false},"excerpt":{"rendered":"<p>Ce vin en appellation village Vaison-la-Romaine a une robe sombre et intense, la Syrah apparait dans toute sa finesse et son \u00e9l\u00e9gance. Le cassis domine le bouquet de ce vin de plaisir, l\u00e9g\u00e8rement poivr\u00e9 en fin de bouche<\/p>\n","protected":false},"featured_media":284,"template":"","meta":[],"product_cat":[19],"product_tag":[],"_links":{"self":[{"href":"http:\/\/leshallesduvendredi.fermedesarnaud.com\/index.php?rest_route=\/wp\/v2\/product\/29"}],"collection":[{"href":"http:\/\/leshallesduvendredi.fermedesarnaud.com\/index.php?rest_route=\/wp\/v2\/product"}],"about":[{"href":"http:\/\/leshallesduvendredi.fermedesarnaud.com\/index.php?rest_route=\/wp\/v2\/types\/product"}],"wp:featuredmedia":[{"embeddable":true,"href":"http:\/\/leshallesduvendredi.fermedesarnaud.com\/index.php?rest_route=\/wp\/v2\/media\/284"}],"wp:attachment":[{"href":"http:\/\/leshallesduvendredi.fermedesarnaud.com\/index.php?rest_route=%2Fwp%2Fv2%2Fmedia&parent=29"}],"wp:term":[{"taxonomy":"product_cat","embeddable":true,"href":"http:\/\/leshallesduvendredi.fermedesarnaud.com\/index.php?rest_route=%2Fwp%2Fv2%2Fproduct_cat&post=29"},{"taxonomy":"product_tag","embeddable":true,"href":"http:\/\/leshallesduvendredi.fermedesarnaud.com\/index.php?rest_route=%2Fwp%2Fv2%2Fproduct_tag&post=29"}],"curies":[{"name":"wp","href":"https:\/\/api.w.org\/{rel}","templated":true}]}}