{"id":38,"date":"2020-04-20T00:32:32","date_gmt":"2020-04-19T22:32:32","guid":{"rendered":"http:\/\/ventedirecte.fermedesarnaud.com\/?product=import-placeholder-for-1046"},"modified":"2021-11-08T16:00:29","modified_gmt":"2021-11-08T15:00:29","slug":"flagrant-delice-blanc","status":"publish","type":"product","link":"http:\/\/leshallesduvendredi.fermedesarnaud.com\/?product=flagrant-delice-blanc","title":{"rendered":"Le Che d&rsquo;Oeuvre Blanc"},"content":{"rendered":"","protected":false},"excerpt":{"rendered":"<p>\u00ab\u00a0Un bouquet d&rsquo;attention, un brin de chance et beaucoup d&rsquo;esp\u00e9rance, la nature fait le reste pour cr\u00e9er le Ch\u00e9 d&rsquo;oeuvre !\u00a0\u00bb<\/p>\n<p>Un vin de France 50% Roussanne 50% Marsanne vinifi\u00e9 sans soufre.<\/p>\n<p>Un nectar de fruit matur\u00e9 en f\u00fbt de ch\u00eane pour un vin blanc d&rsquo;exception.<\/p>\n<p>Appellation : Vin de France<\/p>\n<p>Couleur : Blanc<\/p>\n<p>Teneur en alcool : 14%<\/p>\n<p>Contenance : 75cl<\/p>\n","protected":false},"featured_media":274,"template":"","meta":[],"product_cat":[19],"product_tag":[],"_links":{"self":[{"href":"http:\/\/leshallesduvendredi.fermedesarnaud.com\/index.php?rest_route=\/wp\/v2\/product\/38"}],"collection":[{"href":"http:\/\/leshallesduvendredi.fermedesarnaud.com\/index.php?rest_route=\/wp\/v2\/product"}],"about":[{"href":"http:\/\/leshallesduvendredi.fermedesarnaud.com\/index.php?rest_route=\/wp\/v2\/types\/product"}],"wp:featuredmedia":[{"embeddable":true,"href":"http:\/\/leshallesduvendredi.fermedesarnaud.com\/index.php?rest_route=\/wp\/v2\/media\/274"}],"wp:attachment":[{"href":"http:\/\/leshallesduvendredi.fermedesarnaud.com\/index.php?rest_route=%2Fwp%2Fv2%2Fmedia&parent=38"}],"wp:term":[{"taxonomy":"product_cat","embeddable":true,"href":"http:\/\/leshallesduvendredi.fermedesarnaud.com\/index.php?rest_route=%2Fwp%2Fv2%2Fproduct_cat&post=38"},{"taxonomy":"product_tag","embeddable":true,"href":"http:\/\/leshallesduvendredi.fermedesarnaud.com\/index.php?rest_route=%2Fwp%2Fv2%2Fproduct_tag&post=38"}],"curies":[{"name":"wp","href":"https:\/\/api.w.org\/{rel}","templated":true}]}}