{"id":886,"date":"2021-01-09T11:07:05","date_gmt":"2021-01-09T10:07:05","guid":{"rendered":"https:\/\/leshallesduvendredi.fermedesarnaud.com\/?post_type=product&#038;p=886"},"modified":"2022-12-19T18:39:42","modified_gmt":"2022-12-19T17:39:42","slug":"amandes-aux-herbes-de-provence-sachet-de-150g","status":"publish","type":"product","link":"http:\/\/leshallesduvendredi.fermedesarnaud.com\/?product=amandes-aux-herbes-de-provence-sachet-de-150g","title":{"rendered":"Amandes aux herbes de Provence &#8211; Sachet de 150g"},"content":{"rendered":"","protected":false},"excerpt":{"rendered":"<p>Amandes l\u00e9g\u00e8rement grill\u00e9es et enrob\u00e9es d&rsquo;herbes de Provence (origine 100% Provence). A d\u00e9guster \u00e0 l&rsquo;ap\u00e9ritif.<\/p>\n","protected":false},"featured_media":883,"template":"","meta":[],"product_cat":[42],"product_tag":[],"_links":{"self":[{"href":"http:\/\/leshallesduvendredi.fermedesarnaud.com\/index.php?rest_route=\/wp\/v2\/product\/886"}],"collection":[{"href":"http:\/\/leshallesduvendredi.fermedesarnaud.com\/index.php?rest_route=\/wp\/v2\/product"}],"about":[{"href":"http:\/\/leshallesduvendredi.fermedesarnaud.com\/index.php?rest_route=\/wp\/v2\/types\/product"}],"wp:featuredmedia":[{"embeddable":true,"href":"http:\/\/leshallesduvendredi.fermedesarnaud.com\/index.php?rest_route=\/wp\/v2\/media\/883"}],"wp:attachment":[{"href":"http:\/\/leshallesduvendredi.fermedesarnaud.com\/index.php?rest_route=%2Fwp%2Fv2%2Fmedia&parent=886"}],"wp:term":[{"taxonomy":"product_cat","embeddable":true,"href":"http:\/\/leshallesduvendredi.fermedesarnaud.com\/index.php?rest_route=%2Fwp%2Fv2%2Fproduct_cat&post=886"},{"taxonomy":"product_tag","embeddable":true,"href":"http:\/\/leshallesduvendredi.fermedesarnaud.com\/index.php?rest_route=%2Fwp%2Fv2%2Fproduct_tag&post=886"}],"curies":[{"name":"wp","href":"https:\/\/api.w.org\/{rel}","templated":true}]}}

<p>Amandes légèrement grillées et enrobées d&rsquo;herbes de Provence (origine 100% Provence). A déguster à l&rsquo;apéritif.</p>
