{"id":1086,"date":"2021-03-24T13:47:32","date_gmt":"2021-03-24T12:47:32","guid":{"rendered":"https:\/\/leshallesduvendredi.fermedesarnaud.com\/?post_type=product&#038;p=1086"},"modified":"2022-12-15T10:28:40","modified_gmt":"2022-12-15T09:28:40","slug":"brioche-tressee-sucree","status":"publish","type":"product","link":"https:\/\/leshallesduvendredi.fermedesarnaud.com\/?product=brioche-tressee-sucree","title":{"rendered":"Brioche tress\u00e9e sucr\u00e9e &#8211; 350g"},"content":{"rendered":"<p><strong>Poids : 350g<\/strong><\/p>\n<p><span style=\"font-size: large;\">Elabor\u00e9 \u00e0 partir de Farine de Gruau, beurre A.O.P Lescure, orange, citron, \u0153ufs, levure de boulanger et Levain naturel, sucre<\/span><\/p>\n<p><span style=\"font-size: large;\">\u00a0<\/span><\/p>\n<p><span style=\"font-size: large;\">\u00a0<\/span><\/p>\n<p><span style=\"font-size: large;\">\u00a0<\/span><\/p>\n","protected":false},"excerpt":{"rendered":"<p>Poids : 350g Elabor\u00e9 \u00e0 partir de Farine de Gruau, beurre A.O.P Lescure, orange, citron, \u0153ufs, levure de boulanger et Levain naturel, sucre \u00a0 \u00a0 \u00a0<\/p>\n","protected":false},"featured_media":1087,"template":"","meta":[],"product_cat":[43],"product_tag":[],"_links":{"self":[{"href":"https:\/\/leshallesduvendredi.fermedesarnaud.com\/index.php?rest_route=\/wp\/v2\/product\/1086"}],"collection":[{"href":"https:\/\/leshallesduvendredi.fermedesarnaud.com\/index.php?rest_route=\/wp\/v2\/product"}],"about":[{"href":"https:\/\/leshallesduvendredi.fermedesarnaud.com\/index.php?rest_route=\/wp\/v2\/types\/product"}],"wp:featuredmedia":[{"embeddable":true,"href":"https:\/\/leshallesduvendredi.fermedesarnaud.com\/index.php?rest_route=\/wp\/v2\/media\/1087"}],"wp:attachment":[{"href":"https:\/\/leshallesduvendredi.fermedesarnaud.com\/index.php?rest_route=%2Fwp%2Fv2%2Fmedia&parent=1086"}],"wp:term":[{"taxonomy":"product_cat","embeddable":true,"href":"https:\/\/leshallesduvendredi.fermedesarnaud.com\/index.php?rest_route=%2Fwp%2Fv2%2Fproduct_cat&post=1086"},{"taxonomy":"product_tag","embeddable":true,"href":"https:\/\/leshallesduvendredi.fermedesarnaud.com\/index.php?rest_route=%2Fwp%2Fv2%2Fproduct_tag&post=1086"}],"curies":[{"name":"wp","href":"https:\/\/api.w.org\/{rel}","templated":true}]}}

Brioche tressée sucrée &#8211; 350g

<p><strong>Poids : 350g</strong></p>
<p><span style="font-size: large;">Elaboré à partir de Farine de Gruau, beurre A.O.P Lescure, orange, citron, œufs, levure de boulanger et Levain naturel, sucre</span></p>
<p><span style="font-size: large;"> </span></p>
<p><span style="font-size: large;"> </span></p>
<p><span style="font-size: large;"> </span></p>

<p>Poids : 350g Elaboré à partir de Farine de Gruau, beurre A.O.P Lescure, orange, citron, œufs, levure de boulanger et Levain naturel, sucre      </p>
